01101000010110
What is -112330021 (base 4) in base 15?
-1cc91
What is 2d9b (base 14) in base 11?
6160
1164a31 (base 12) to base 9
6302451
What is 7372460 (base 9) in base 11?
2254a31
-4cdd (base 15) to base 11
-11367
What is 41901 (base 12) in base 10?
85969
Convert 300041231 (base 5) to base 2.
100011110110000100110
What is -444867 (base 13) in base 6?
-54300013
Convert 41202340 (base 5) to base 13.
b9479
-11342688 (base 9) to base 16
-5439d1
-191a4a (base 12) to base 16
-6b19a
Convert 46055356 (base 7) to base 6.
222011114
What is 37b8b (base 13) in base 7?
606253
1002222010021 (base 3) to base 10
589849
Convert 21269b (base 13) to base 10.
776683
230213 (base 10) to base 8
701505
3525423 (base 6) to base 4
230212113
Convert -3054034 (base 7) to base 2.
-1011001011100001101
What is -13e179 (base 15) in base 6?
-32315023
Convert 6859 (base 16) to base 4.
12201121
-202200211121012 (base 3) to base 14
-166484d
Convert -1ee379 (base 15) to base 9.
-2760706
What is -b85574 (base 12) in base 7?
-33520135
What is -31545263 (base 7) in base 10?
-2683775
-515685 (base 9) to base 2
-1001010101101011110
98321 (base 13) to base 6
5521515
Convert 32075 (base 14) to base 3.
20010202112
-2120022000100 (base 3) to base 6
-45122400
Convert -10113320330 (base 4) to base 6.
-40323312
What is -11a8a6 (base 14) in base 3?
-1010202110000
Convert -25450067 (base 9) to base 14.
-19327a5
What is -482951 (base 10) in base 12?
-1b359b
c5c2 (base 14) to base 9
51664
What is -11111111111000010000 (base 2) in base 9?
-1866623
Convert -1617244 (base 8) to base 16.
-71ea4
Convert 16bb62 (base 16) to base 5.
340133022
What is -37bc0 (base 16) in base 4?
-313233000
-c916 (base 14) to base 8
-103630
What is 5050275 (base 8) in base 7?
14213413
What is 1775254 (base 8) in base 5?
113213144
Convert 546482 (base 10) to base 4.
2011122302
Convert -10111010110011111101 (base 2) to base 14.
-15cbdb
What is 17a8caa (base 13) in base 9?
15483207
Convert 100100100011000100 (base 2) to base 16.
248c4
What is 3075aab (base 12) in base 16?
8b0ee3
Convert 10020111122 (base 3) to base 2.
1111100100101111
2aef7 (base 16) to base 8
527367
Convert -20424041 (base 6) to base 4.
-2101020121
2bab3a (base 15) to base 5
1020040110
50798 (base 15) to base 6
5243455
What is 373144 (base 11) in base 10?
589802
What is 255309 (base 11) in base 10?
402334
-694d8 (base 15) to base 6
-11103552
What is -c67b8 (base 14) in base 5?
-110311430
What is 5a41479 (base 11) in base 3?
201210220202211
1133123204 (base 5) to base 2
1010000010000010101100
-100000111011000110101 (base 2) to base 10
-1078837
Convert 1000010111101011010000 (base 2) to base 14.
411876
-538372 (base 10) to base 8
-2033404
-6634a2 (base 15) to base 13
-101726c
-300381 (base 10) to base 12
-1259b9
What is 657630 (base 10) in base 3?
1020102002200
Convert -1145a95 (base 11) to base 3.
-10202120022102
Convert 173910 (base 10) to base 2.
101010011101010110
What is -1346480 (base 11) in base 7?
-25510126
What is 4ae78e (base 15) in base 4?
31231020011
What is -11000010101 (base 2) in base 16?
-615
Convert 373230 (base 8) to base 2.
11111011010011000
Convert 102232112 (base 4) to base 9.
126175
What is 574367 (base 8) in base 10?
194807
What is -74c35 (base 13) in base 10?
-210787
What is -13c7aac (base 14) in base 12?
-3282260
96195 (base 11) to base 2
100010001011001100
What is 3885592 (base 12) in base 3?
202221011012202
What is 84393 (base 13) in base 7?
2010411
Convert -d22348 (base 14) to base 6.
-411345100
-460133 (base 10) to base 13
-13158b
What is -123210120 (base 5) in base 7?
-5051124
-16208a (base 16) to base 5
-332400442
4050553 (base 7) to base 6
14203324
-422522 (base 7) to base 9
-121085
-1985349 (base 12) to base 8
-24463651
7264067 (base 9) to base 5
1443134103
41037 (base 12) to base 14
22c31
What is 371a0a (base 12) in base 5?
212113301
What is 1530312 (base 6) in base 14?
248ba
Convert -4a815 (base 13) to base 15.
-2ab74
What is -111103220 (base 4) in base 14?
-23b3a
Convert 5c289 (base 14) to base 3.
102110100122
What is -1220232322 (base 4) in base 11?
-273338
What is 12222331220 (base 4) in base 13?
493022
Convert 30333030130 (base 4) to base 13.
922852
-41401444 (base 5) to base 9
-568528
Convert 20d359 (base 14) to base 3.
2002111100201
What is -3884a6 (base 14) in base 6?
-105354310
What is -1211121112011 (base 3) in base 8?
-3563201
What is -3a964 (base 12) in base 9?
-132824
321753 (base 8) to base 15
21cb9
What is 444224 (base 5) in base 6?
200020
5738349 (base 10) to base 13
125bb96
13556721 (base 10) to base 7
223141653
-438747 (base 14) to base 8
-10570413
What is 41a25 (base 14) in base 8?
465301
-10200112222101 (base 3) to base 6
-105555531
Convert 204121022 (base 5) to base 11.
52a348
Convert 54447 (base 8) to base 3.
1011022022
Convert -27abaa9 (base 13) to base 4.
-233323130303
Convert 303325 (base 6) to base 15.
721b
Convert -2a8ad (base 16) to base 12.
-84a11
Convert 122689 (base 10) to base 16.
1df41
-1021112201110 (base 3) to base 15
-d6703
30661634 (base 7) to base 15
3615ae
Convert -11220133 (base 7) to base 11.
-60a05a
Convert 36aa (base 16) to base 12.
8122
What is -3e04 (base 16) in base 3?
-210210000
What is -56112543 (base 7) in base 13?
-1007955
Convert -121224210 (base 5) to base 11.
-35a737
Convert 1a974a (base 11) to base 2.
1001110001101010101
What is -67284c (base 15) in base 13?
-10330c8
What is 4761166 (base 9) in base 13?
6c4050
224f9 (base 16) to base 11
96651
What is -404508 (base 16) in base 5?
-2034240401
Convert -12011211011012 (base 3) to base 14.
-518d3a
Convert 84d2b (base 14) to base 15.
6512b
Convert 898e2 (base 15) to base 16.
6ac8b
100011111100011101 (base 2) to base 14
3b925
What is 4332b (base 13) in base 10?
121379
-15421330 (base 7) to base 16
-16a629
What is 613b3a (base 12) in base 2?
101110011001110011110
bb341 (base 16) to base 11
484108
What is 5175667 (base 9) in base 12?
b14ab1
Convert 21020021110112 (base 3) to base 15.
50dcbb
Convert -325e1e (base 15) to base 5.
-1103240204
What is -328b6a (base 13) in base 3?
-2020111002111
Convert 1146241 (base 9) to base 3.
1011120021101
What is -121263 (base 15) in base 12?
-358393
Convert -3a929 (base 16) to base 11.
-154283
Convert 1222000210002 (base 3) to base 10.
1043768
Convert 22002121000220 (base 3) to base 5.
2100140312
-102123400 (base 5) to base 14
-b1725
What is -1121212000102 (base 3) in base 2?
-11010010101110101011
What is -111010012202 (base 3) in base 6?
-5311245
-13074c (base 16) to base 12
-501810
Convert 55490 (base 11) to base 10.
80443
Convert -2445076 (base 10) to base 5.
-1111220301
Convert -1983577 (base 13) to base 3.
-120210222202121
Convert 112411131 (base 5) to base 4.
1331110023
-5c7025 (base 13) to base 11
-128295a
17612 (base 13) to base 4
22332221
Convert 44304242 (base 5) to base 3.
201120001022
Convert -1243313201 (base 5) to base 14.
-5ab38c
What is 18b512 (base 12) in base 11?
277466
Convert -40222 (base 11) to base 12.
-2a066
What is -102012101 (base 4) in base 11?
-50770
What is -434214525 (base 6) in base 12?
-2724445
195c63 (base 16) to base 3
10010102220110
110112202101 (base 3) to base 4
330102220
Convert 1a741 (base 11) to base 3.
1110120021
What is -13221013 (base 5) in base 10?
-132633
What is -cd0c (base 14) in base 3?
-1210200101
Convert -465343 (base 13) to base 9.
-3122157
1210021102111 (base 3) to base 10
950197
581257 (base 13) to base 12
8480b4
What is -13555204 (base 6) in base 10?
-466420
What is -578418 (base 9) in base 4?
-1110303101
What is -5210055 (base 6) in base 10?
-250163
What is -3150c (base 13) in base 3?
-11111201120
-30364 (base 12) to base 2
-1111010011111100
6510845 (base 11) to base 2
101011101011011110100111
What is -2120121112211 (base 3) in base 11?
-856499
Convert d7c1 (base 14) to base 5.
2142323
What is -1132113113 (base 4) in base 10?
-386519
What is 63006155 (base 7) in base 15?
6e9452
What is 68b94a (base 13) in base 14?
488736
129f79 (base 16) to base 8
4517571
-2d90 (base 14) to base 5
-230122
1421503 (base 8) to base 16
62343
Convert 16eabc (base 15) to base 9.
2075426
Convert 152611 (base 8) to base 6.
1101025
Convert -1342000 (base 5) to base 2.
-110110001100110
503790 (base 13) to base 11
106379a
12033041 (base 5) to base 4
123100132
-